{"id":93,"date":"2014-12-19T21:34:31","date_gmt":"2014-12-19T19:34:31","guid":{"rendered":"http:\/\/www.sz-kaethe.org\/?page_id=93"},"modified":"2018-11-07T11:26:25","modified_gmt":"2018-11-07T09:26:25","slug":"der-name","status":"publish","type":"page","link":"https:\/\/sz-kaethe.org\/?page_id=93","title":{"rendered":"Wer war K\u00e4the?"},"content":{"rendered":"<p><a href=\"http:\/\/www.sz-kaethe.org\/wp-content\/uploads\/sophieundkarlkaiserskaliertneu.jpg\"><img loading=\"lazy\" decoding=\"async\" class=\"alignleft wp-image-95 \" src=\"http:\/\/www.sz-kaethe.org\/wp-content\/uploads\/sophieundkarlkaiserskaliertneu.jpg\" alt=\"sophieundkarlkaiserskaliertneu\" width=\"390\" height=\"284\" srcset=\"https:\/\/sz-kaethe.org\/wp-content\/uploads\/sophieundkarlkaiserskaliertneu.jpg 620w, https:\/\/sz-kaethe.org\/wp-content\/uploads\/sophieundkarlkaiserskaliertneu-300x219.jpg 300w\" sizes=\"(max-width: 390px) 100vw, 390px\" \/><\/a>Das Soziale Zentrum tr\u00e4gt den Namen &#8222;K\u00e4the&#8220;.<\/p>\n<p>Damit m\u00f6chten wir nicht auf Heinrich von Kleists Schauspiel &#8222;Das K\u00e4thchen von Heilbronn&#8220;, sondern auf einen anderen wichtigen Teil der Heilbronner Geschichte hinweisen. In der ehemals roten Hochburg schlossen sich w\u00e4hrend des deutschen Faschismus einige Frauen und M\u00e4nner zu einer illegalen antifaschistischen Widerstandsgruppe, der sogenannten &#8222;Kaiser\/Riegraf-Gruppe&#8220;, zusammen<\/p>\n<p>Ihre Mitglieder waren KommunistInnen, SozialdemokratInnen und Anarcho-SyndikalistInnen. Sie standen mit anderen Widerstandsgruppen im In- und Ausland in engem Kontakt. Die &#8222;Kaiser\/Riegraf-Gruppe&#8220; f\u00fchrte Schulungen durch &#8211; \u00fcber das Verhalten gegen\u00fcber der Gestapo und nach einer m\u00f6glichen Verhaftung, aber auch \u00fcber historisch- politische Themen wie den Imperialismus und die vom faschistischen Deutschland ausgehende Kriegsgefahr.<\/p>\n<p>Ein Schwerpunkt der Gruppe war die Verteilung von sozialistischen und antifaschistischen Zeitungen, Flugbl\u00e4ttern und Klebezetteln. So beteiligte sie sich z.B. an einer \u00fcberregional koordinierten Aktion zur bevorstehenden &#8222;Reichstagswahl&#8220; am 29. M\u00e4rz 1936, bei der in Heilbronn wie in ganz S\u00fcddeutschland zeitgleich Plakate mit der Aufschrift &#8222;Hitler bedeutet Krieg&#8220; verklebt wurden.<\/p>\n<p>Kopf der Gruppe war neben dem Sozialdemokraten <a href=\"https:\/\/de.wikipedia.org\/wiki\/Hellmut_Riegraf\" target=\"_blank\" rel=\"noopener\">Hellmuth Riegraf<\/a> die Kommunistin Sophie (genannt &#8222;Sascha&#8220;) Kaiser, die mit ihrem Ehemann Karl Kaiser 1931 von Berlin nach Heilbronn gekommen war und zun\u00e4chst in der Dittmarstra\u00dfe und sp\u00e4ter in der Oststra\u00dfe wohnte. Sophie und Karl Kaiser waren beide seit Ende der 1920er Jahre Mitglieder der &#8222;KPD-Opposition&#8220; (KPO), pflegten jedoch in Heilbronn von Beginn an intensive Kontakte sowohl zur lokalen KPD, als auch zu anderen Str\u00f6mungen der ArbeiterInnenbewegung. Sie setzten sich vehement f\u00fcr den Zusammenhalt aller antifaschistischen Kr\u00e4fte und gegen spalterische Tendenzen ein und standen damit unmissverst\u00e4ndlich f\u00fcr eine partei\u00fcbergreifende &#8222;Volksfrontpolitik&#8220; gegen den Faschismus.<\/p>\n<blockquote><p><em>&#8222;In der scharfen Auseinandersetzung setzten die Heilbronner Teilnehmer ein f\u00fcr allemal ihren Standpunkt f\u00fcr ihre illegale Organisation in Heilbronn durch: auf gar keinen Fall eine abgekapselte Splittergruppe, sondern eine maximale \u00d6ffnung, keine Streitigkeiten und Parteigruppierungen; die entscheidenden Momente liegen in der Gemeinsamkeit des Kampfes gegen den Faschismus und f\u00fcr die Sicherung einer fortschrittlichen sozialistischen Gesellschaft in Deutschland, f\u00fcr die Bewahrung eines dauerhaften Friedens, f\u00fcr die Fundierung der \u00f6konomischen Basis als einer unverlierbaren Grundlage der Macht des werkt\u00e4tigen Volkes, deshalb in erster Linie f\u00fcr die unzerst\u00f6rbare Einheit der Arbeiterklasse und f\u00fcr eine sozialistische Volkspartei (&#8230;)&#8220;<\/em><br \/>\n(Hellmuth Riegraf am 3.12.1975 \u00fcber die Haltung der &#8222;Kaiser\/Riegraf-Gruppe&#8220;)<\/p><\/blockquote>\n<p>Die &#8222;Kaiser\/Riegraf-Gruppe&#8220; arbeitete von Anfang an konspirativ und hatte verschiedene Methoden entwickelt, um sich vor dem Terror der Faschisten zu sch\u00fctzen. Sie teilte sich in mehrere Kleingruppen auf, benutzte unsichtbare Tinte und zum Schutz vor Fingerabdr\u00fccken Handschuhe und verwendete konsequent Decknamen.\u00a0 Der Deckname von Sophie (&#8222;Sascha&#8220;) Kaiser war &#8222;K\u00e4the&#8220;.<\/p>\n<p>Trotz dieser Vorsichtsma\u00dfnahmen kam es 1936 zu einer ersten Verhaftungswelle und 1938 wurde die aus \u00fcber 50 Mitgliedern bestehende Gruppe durch die Gestapo endg\u00fcltig zerschlagen. Die AntifaschistInnen, die die &#8222;Kerngruppe&#8220; bildeten &#8211; darunter auch Sophie &#8222;K\u00e4the&#8220; Kaiser &#8211; wurden zu mehrj\u00e4hrigen Zuchthaus- und Gef\u00e4ngnisstrafen verurteilt. Sophie Kaiser sa\u00df daraufhin fast 4 Jahre in Einzelhaft in Aichach und Hagenau.<\/p>\n<p>Mit dem Namen K\u00e4the wollen wir an die mutigen Menschen der &#8222;Kaiser\/Riegraf-Gruppe&#8220; erinnern. Ihr gelebter Antifaschismus und ihre solidarische Zusammenarbeit \u00fcber die Grenzen verschiedener Weltanschauungen hinweg sind auch viele Jahrzehnte sp\u00e4ter positive Bezugspunkte f\u00fcr uns.<\/p>\n<p><strong>Weitere Informationen zur &#8222;Kaiser\/Riegraf-Gruppe&#8220; finden sich im Buch &#8222;Es kann uns den Kopf kosten. Antifaschismus und Widerstand in Heilbronn 1930-1939&#8220;. <a href=\"http:\/\/www.distelliteraturverlag.de\/index.php?id=4\" target=\"_blank\" rel=\"noopener\">Distel Verlag<\/a> 1992. (<\/strong><strong>Das Buch ist bei uns im <a href=\"http:\/\/www.sz-kaethe.org\/?page_id=72\" target=\"_blank\" rel=\"noopener\">Infoladen<\/a> erh\u00e4ltlich) und auf der Homepage von <a href=\"http:\/\/heilbronn.apps-1and1.net\/zeitsprung\">&#8222;Zeitspr\u00fcnge Heilbronn&#8220;<\/a>. Dort finden sich u.a. Artikel mit Bild- und Videomaterial zu <a href=\"http:\/\/heilbronn.apps-1and1.net\/karl-und-sascha-kaiser\">Karl und Sascha Kaiser<\/a>, <a href=\"http:\/\/heilbronn.apps-1and1.net\/hellmut-riegraf\">Hellmut Riegraf<\/a> und <a href=\"http:\/\/heilbronn.apps-1and1.net\/walter-vielhauer\">Walter Vielhauer.<\/a><br \/>\n<\/strong><\/p>\n","protected":false},"excerpt":{"rendered":"<p>Das Soziale Zentrum tr\u00e4gt den Namen &#8222;K\u00e4the&#8220;. Damit m\u00f6chten wir nicht auf Heinrich von Kleists Schauspiel &#8222;Das K\u00e4thchen von Heilbronn&#8220;, sondern auf einen anderen wichtigen [&#8230;]<\/p>\n","protected":false},"author":1,"featured_media":0,"parent":75,"menu_order":0,"comment_status":"closed","ping_status":"open","template":"","meta":{"footnotes":""},"_links":{"self":[{"href":"https:\/\/sz-kaethe.org\/index.php?rest_route=\/wp\/v2\/pages\/93"}],"collection":[{"href":"https:\/\/sz-kaethe.org\/index.php?rest_route=\/wp\/v2\/pages"}],"about":[{"href":"https:\/\/sz-kaethe.org\/index.php?rest_route=\/wp\/v2\/types\/page"}],"author":[{"embeddable":true,"href":"https:\/\/sz-kaethe.org\/index.php?rest_route=\/wp\/v2\/users\/1"}],"replies":[{"embeddable":true,"href":"https:\/\/sz-kaethe.org\/index.php?rest_route=%2Fwp%2Fv2%2Fcomments&post=93"}],"version-history":[{"count":0,"href":"https:\/\/sz-kaethe.org\/index.php?rest_route=\/wp\/v2\/pages\/93\/revisions"}],"up":[{"embeddable":true,"href":"https:\/\/sz-kaethe.org\/index.php?rest_route=\/wp\/v2\/pages\/75"}],"wp:attachment":[{"href":"https:\/\/sz-kaethe.org\/index.php?rest_route=%2Fwp%2Fv2%2Fmedia&parent=93"}],"curies":[{"name":"wp","href":"https:\/\/api.w.org\/{rel}","templated":true}]}}